ors of q?
13
Suppose 0 = 2*p + 5*i - 2*i - 4, 2*i + 8 = 4*p. Let w be 1*p/(-3)*3. Let t(f) = -f**3 + 2. What are the prime factors of t(w)?
2, 5
Let n be -2*(-1)/2*-2. List the prime factors of 1/(n - 18/(-8)).
2
Suppose 2*t = 4*u + 616, t - 140 = -3*u + 188. List the prime factors of t.
2, 79
Suppose -1747 = -9*o + 125. What are the prime factors of o?
2, 13
List the prime factors of ((-7)/((-70)/(-828)))/(24/(-60)).
3, 23
Let u(w) = 2*w + 2*w - 2*w + 7. Let n be u(-5). What are the prime factors of n - -1 - (-24)/2?
2, 5
Suppose 2*b - 3*d = -38 - 11, 2*b = -d - 61. Let q = -16 - 4. Let a = q - b. What are the prime factors of a?
3
Let a = 17 - -12. What are the prime factors of a?
29
Let g(p) = p + 3. Let l be g(3). Suppose 0 = 3*a - 0*a + l, a = o - 40. What are the prime factors of o?
2, 19
Let j(t) = -4*t + 0*t**2 + 5 - 2*t**2 - t**3 - 3*t**2. What are the prime factors of j(-4)?
5
Let q(j) = -j**3 - 2*j + 154. What are the prime factors of q(0)?
2, 7, 11
Suppose 52 = 3*o - 53. What are the prime factors of o?
5, 7
Suppose 0 = 10*d + 203 - 753. List the prime factors of d.
5, 11
Suppose -z = 5*x + 70 - 359, 4*x + 289 = z. List the prime factors of z.
17
Suppose -o - 3*o = -344. Let a = o - 52. Suppose -4*z - y + a = 0, 0 = y - 2. List the prime factors of z.
2
Let o = -8 + 5. Let j(p) = -p**3 - 4*p**2 - p + 1. Let k be j(o). Let c = 8 + k. What are the prime factors of c?
3
Suppose -b + 24 = 3*b. Suppose -b = -t + 1. List the prime factors of t.
7
Let s be ((-128)/6)/(6/(-18)). Let v = -40 + s. List the prime factors of v.
2, 3
Suppose 2*x = 2*f + 80, 52 = x - 4*f - f. List the prime factors of x.
37
Let f = 12 + -7. Let b(q) = q**3 - 6*q**2 + 3*q - 4. Let p be b(f). Let z = -3 - p. List the prime factors of z.
11
Suppose -4*l = 5*a - 56, 2*l = 5*a - 6*a + 10. What are the prime factors of a/(-10)*50/(-4)?
3, 5
Let u(t) be the third derivative of t**5/60 - 3*t**4/8 + 13*t**3/6 - t**2. List the prime factors of u(9).
13
List the prime factors of (8/(-4))/(8/(-260)).
5, 13
Let o(g) = -g**3 + 4*g**2 - g - 3. Let n be o(3). What are the prime factors of ((-9)/n)/(-3)*3?
3
Let h(l) = -l**3 - l**2 + l. Let i be h(-2). Let d(m) = 153*m - m**2 - 75*m + m**3 + 0*m**2 - 76*m - 3. What are the prime factors of d(i)?
5
Let i = 5 + 44. Suppose -3*k = 2*u - i, -3*u - 2*u - 2*k + 128 = 0. Suppose 34 = -2*f + 4*f + v, u = 2*f - v. List the prime factors of f.
3, 5
Let w be (-8)/(-40) - 48/(-10). Suppose -5 = -o + w. What are the prime factors of o?
2, 5
Suppose 0 = w - 3 - 0. Let i = w - 0. Suppose c + 3*u = 4 - i, 3*u + 64 = 4*c. List the prime factors of c.
13
Suppose 0 = 2*n - 37 - 157. List the prime factors of n.
97
What are the prime factors of (-78)/(-351) + (142/9)/1?
2
Let o = 2 - 9. Let s = -7 - o. What are the prime factors of -1*(s - 0 - 22)?
2, 11
Suppose 77 - 210 = -5*j - 4*w, 3*j + w - 77 = 0. Let i = j + -12. What are the prime factors of i?
13
Let n be 310/7 + (-20)/70. Suppose -5*z + n + 16 = 0. List the prime factors of z.
2, 3
Suppose d = -5*a + 13, 0*a = 3*d - 5*a + 1. Let t be 14/4 + d/6. Suppose 3 = -0*q - q + 5*i, -t*i - 4 = -4*q. List the prime factors of q.
2
Suppose f = -3*f - 32. What are the prime factors of (8/(-5))/(f/20)?
2
Let v(f) = 14*f - 16. What are the prime factors of v(8)?
2, 3
What are the prime factors of (-15 + 140)*((-3)/5 + 1)?
2, 5
Suppose -5*p + 419 + 676 = 0. List the prime factors of p.
3, 73
Let v = 20 + 0. What are the prime factors of v?
2, 5
Suppose w = 5*i + 53, w - 4*i = -2*i + 62. What are the prime factors of w?
2, 17
Let m(a) = -a - 5. Suppose 9 = -4*z - 11. Let g be m(z). Suppose g = 3*h - 4 - 11. List the prime factors of h.
5
Suppose 5*z - 415 = 110. List the prime factors of z.
3, 5, 7
Let x be 0 - (-1)/((-1)/(-9)). Let f be (4/6)/((-6)/x). What are the prime factors of 0 - (f - (-9)/(-3))?
2
Suppose -3*y - f = -19, -16 = -y - 2*y + 2*f. Suppose -o = -5*l + y, -l = -0*l - 2. Let t = 10 - o. What are the prime factors of t?
2, 3
Let c = 9 + -5. Suppose 2*v - c*r - 28 = 0, 0 = -0*r - 3*r - 15. Suppose -v*w + 21 = -w. What are the prime factors of w?
7
Suppose 0 = -5*o + 10*o - 25. Suppose 12 = 3*l, -2*t - o*l + 47 = t. List the prime factors of t.
3
Suppose 25 + 136 = u. Suppose -i + 0*l = -5*l - 23, 0 = -5*i + 2*l + u. Suppose 5*v - i = 4*h, -42 = 2*v - 6*v - 2*h. What are the prime factors of v?
3
Let h(u) be the third derivative of -u**5/30 - u**4/6 + u**3/6 + u**2. Let m be h(-3). Let s = m + 7. What are the prime factors of s?
2
Let s(l) = -l - 6 + 4*l**2 + 4*l**3 - 5*l**3 + 8*l. Let c(k) = 2*k**2 + 5*k + 2. Let p be c(-3). List the prime factors of s(p).
2
Suppose -5*c + 335 = -0*c. List the prime factors of c.
67
Let w be 93/7 + 10/(-35). Let x = -4 + w. Suppose -5*v = -x - 46. List the prime factors of v.
11
Suppose 0*j - 5 = -j + 2*v, 5*j + 20 = -5*v. Let c be 2 + 0 + (j - -1). Suppose 30 = c*t + t. List the prime factors of t.
2, 5
Suppose 12*m - 7*m - 15 = 0. Suppose -3*h + 0*h - 44 = -2*o, -m*o - 5*h + 28 = 0. What are the prime factors of o?
2
Let v = -23 - -25. Suppose 0 = -2*k, 3*g - 103 + 22 = v*k. List the prime factors of g.
3
Let r = -96 - -230. List the prime factors of r.
2, 67
Let b(k) be the first derivative of -k**5/60 - 11*k**4/24 - 2*k**3 + k**2 - 3. Let u(h) be the second derivative of b(h). List the prime factors of u(-8).
2, 3
Suppose 10*d - 2*d = 872. List the prime factors of d.
109
Suppose -2*m - 18 = 2. What are the prime factors of (m/(-3))/(6/9)?
5
Let v(h) be the first derivative of 2*h**3 - h**2/2 + h + 1. Let u be v(1). Suppose u*o = 2*o + 40. List the prime factors of o.
2, 5
Let q(r) = r**3 + 2*r**2 - 3*r. List the prime factors of q(2).
2, 5
Let s = -12 - -34. Suppose 3*c - 103 + s = 0. List the prime factors of c.
3
Suppose n = -5*x + 79, 3*n + 3*x = 5*x + 152. Suppose 4*l - 38 = n. Suppose 3*p - y = l, 4*y = -0*y - 8. What are the prime factors of p?
7
Let v(x) = -x**2 - x - 1. Let s be v(-3). Let b = s + 11. Let j = b - -3. List the prime factors of j.
7
Let r be (-2)/5*5*-2. Let x be (40/14)/(2/7). Let s = x - r. List the prime factors of s.
2, 3
Let u(f) = f**3 + 3*f**2 - 7*f - 6. Let q(v) = v - 8. Let h be q(4). List the prime factors of u(h).
2, 3
Let k = -84 + 147. What are the prime factors of k?
3, 7
What are the prime factors of (23/(-7) - 6/(-21)) + 105?
2, 3, 17
Suppose 0 = -d + 2 + 4. List the prime factors of ((-2)/4)/(d/(-180)).
3, 5
Suppose -5*a + 2 - 12 = 0. List the prime factors of -7*(a - 8/(-14)).
2, 5
Let l(s) = -s**3 - 8*s**2 - 3*s + 2. Let v(m) = m**3 + 7*m**2 + 2*m - 2. Let w be ((-20)/8)/(1/2). Let n(x) = w*v(x) - 4*l(x). List the prime factors of n(-4).
2, 5
Let t(v) = -v**2 - v + 1. Suppose 33 = 4*i + 5*x, -6*x + x + 25 = 0. Let m be t(i). What are the prime factors of 20*(10/(-4))/m?
2, 5
Let q be (-5)/(-2)*(-12)/(-15). Suppose -1 = -q*b + 7. Suppose 0 = 2*l - b*l + 8. What are the prime factors of l?
2
Let l(m) = m + 2. List the prime factors of l(7).
3
Suppose 6*z - 19 = 251. What are the prime factors of z?
3, 5
Let s(z) = 11*z**3 + 5*z - 7. Let b(i) = 6*i**3 + 2*i - 3. Let n(f) = -7*b(f) + 3*s(f). What are the prime factors of n(-1)?
2
Suppose 6 = 3*p - 393. What are the prime factors of p?
7, 19
Let l(p) = -p - 3. Let t(r) = 2*r + 6. Let x(u) = -9*l(u) - 4*t(u). What are the prime factors of x(5)?
2
List the prime factors of 24/(-156) + 301/13.
23
Suppose 3*j - 4*j + 418 = 3*u, 3*j = 2*u - 297. What are the prime factors of u?
3, 47
Suppose 0 = -2*d - 5*w + 60, 0 = 4*d - 3*w + w - 96. List the prime factors of d.
5
Let a = 4 + -3. Let p(o) = 19*o. Let u be p(a). What are the prime factors of u/3 - (-4)/6?
7
Suppose -5*t + 2*t + 93 = 0. What are the prime factors of t?
31
Let q(p) = -p**2 + 2*p**2 - 1 + 4*p + 4. Let v be q(-4). What are the prime factors of 2/v*1*18?
2, 3
Let y(x) = x**2 - 9*x - 5. Let c be (0/1)/(1 - 3). Suppose 0 = -z - 5*w + w + 15, 3*w - 3 = c. List the prime factors of y(z).
17
Let g = 325 + -222. Suppose -3*o + 4*w + g + 37 = 0, 5*o + 2*w = 190. What are the prime factors of o?
2, 5
Let p be 0 + 0/(-2) + 35. Let z(k) = -k**2 + 10*k - 1. Let u be z(4). Let n = p - u. What are the prime factors of n?
2, 3
Let y = 20 - -30. Suppose 30 = 2*f - y. What are the prime factors of f?
2, 5
Let w = -54 - 